{"id":242,"date":"2023-12-09T10:52:47","date_gmt":"2023-12-09T09:52:47","guid":{"rendered":"https:\/\/www.cgtisover.fr\/?page_id=242"},"modified":"2025-05-26T15:16:50","modified_gmt":"2025-05-26T13:16:50","slug":"accord-interessement","status":"publish","type":"page","link":"https:\/\/www.cgtisover.fr\/index.php\/accord-interessement\/","title":{"rendered":"Accord int\u00e9ressement"},"content":{"rendered":"\n<p><a href=\"https:\/\/www.cgtisover.fr\/index.php\/2024\/10\/29\/participation\/\">Accord participation <\/a><\/p>\n\n\n\n<p><a href=\"https:\/\/www.cgtisover.fr\/index.php\/2025\/03\/13\/accord-interessement-2022-2024-isover\/\">accord Int\u00e9ressement 2021-2024<\/a><\/p>\n\n\n\n<p><a href=\"https:\/\/www.cgtisover.fr\/index.php\/2025\/03\/13\/accord-dinteressement-2019-2021\/\">Accord int\u00e9ressement 2019-2020<\/a><\/p>\n\n\n\n<p><a href=\"https:\/\/www.cgtisover.fr\/index.php\/2025\/03\/13\/accord-interessement-2016-a-2019\/\">accord int\u00e9ressement 2016 \u00e0 2019<\/a><\/p>\n\n\n\n<p><a href=\"https:\/\/www.cgtisover.fr\/index.php\/2025\/05\/26\/accord-interessement-2010-a-2012\/\">Accord int\u00e9ressement 2010 \u00e0 2012<\/a><\/p>\n\n\n\n<p><a href=\"https:\/\/www.cgtisover.fr\/index.php\/2025\/05\/26\/accord-dinteressement-2006\/\">Accord int\u00e9ressement 2006<\/a><\/p>\n\n\n\n<p><\/p>\n","protected":false},"excerpt":{"rendered":"<p>Accord participation accord Int\u00e9ressement 2021-2024 Accord int\u00e9ressement 2019-2020 accord int\u00e9ressement 2016 \u00e0 2019 Accord int\u00e9ressement 2010 \u00e0 2012 Accord int\u00e9ressement 2006<\/p>\n","protected":false},"author":1,"featured_media":0,"parent":0,"menu_order":0,"comment_status":"closed","ping_status":"closed","template":"","meta":{"footnotes":""},"class_list":["post-242","page","type-page","status-publish","hentry","entry"],"_links":{"self":[{"href":"https:\/\/www.cgtisover.fr\/index.php\/wp-json\/wp\/v2\/pages\/242","targetHints":{"allow":["GET"]}}],"collection":[{"href":"https:\/\/www.cgtisover.fr\/index.php\/wp-json\/wp\/v2\/pages"}],"about":[{"href":"https:\/\/www.cgtisover.fr\/index.php\/wp-json\/wp\/v2\/types\/page"}],"author":[{"embeddable":true,"href":"https:\/\/www.cgtisover.fr\/index.php\/wp-json\/wp\/v2\/users\/1"}],"replies":[{"embeddable":true,"href":"https:\/\/www.cgtisover.fr\/index.php\/wp-json\/wp\/v2\/comments?post=242"}],"version-history":[{"count":9,"href":"https:\/\/www.cgtisover.fr\/index.php\/wp-json\/wp\/v2\/pages\/242\/revisions"}],"predecessor-version":[{"id":526,"href":"https:\/\/www.cgtisover.fr\/index.php\/wp-json\/wp\/v2\/pages\/242\/revisions\/526"}],"wp:attachment":[{"href":"https:\/\/www.cgtisover.fr\/index.php\/wp-json\/wp\/v2\/media?parent=242"}],"curies":[{"name":"wp","href":"https:\/\/api.w.org\/{rel}","templated":true}]}}